{"version":"1.0","provider_name":"el perico","provider_url":"https:\/\/el-perico.com\/es\/","author_name":"El Perico Staff","author_url":"https:\/\/el-perico.com\/es\/author\/af6f1d62_admin\/","title":"No puedo votar pero mi hija puede - el perico","type":"rich","width":600,"height":338,"html":"<blockquote class=\"wp-embedded-content\" data-secret=\"GCsC3P4UZi\"><a href=\"https:\/\/el-perico.com\/es\/no-puedo-votar-pero-mi-hija-puede\/\">No puedo votar pero mi hija puede<\/a><\/blockquote><iframe sandbox=\"allow-scripts\" security=\"restricted\" src=\"https:\/\/el-perico.com\/es\/no-puedo-votar-pero-mi-hija-puede\/embed\/#?secret=GCsC3P4UZi\" width=\"600\" height=\"338\" title=\"\u00abNo puedo votar pero mi hija puede\u00bb \u2014 el perico\" data-secret=\"GCsC3P4UZi\" frameborder=\"0\" marginwidth=\"0\" marginheight=\"0\" scrolling=\"no\" class=\"wp-embedded-content\"><\/iframe><script>\n\/*! This file is auto-generated *\/\n!function(d,l){\"use strict\";l.querySelector&&d.addEventListener&&\"undefined\"!=typeof URL&&(d.wp=d.wp||{},d.wp.receiveEmbedMessage||(d.wp.receiveEmbedMessage=function(e){var t=e.data;if((t||t.secret||t.message||t.value)&&!\/[^a-zA-Z0-9]\/.test(t.secret)){for(var s,r,n,a=l.querySelectorAll('iframe[data-secret=\"'+t.secret+'\"]'),o=l.querySelectorAll('blockquote[data-secret=\"'+t.secret+'\"]'),c=new RegExp(\"^https?:$\",\"i\"),i=0;i<o.length;i++)o[i].style.display=\"none\";for(i=0;i<a.length;i++)s=a[i],e.source===s.contentWindow&&(s.removeAttribute(\"style\"),\"height\"===t.message?(1e3<(r=parseInt(t.value,10))?r=1e3:~~r<200&&(r=200),s.height=r):\"link\"===t.message&&(r=new URL(s.getAttribute(\"src\")),n=new URL(t.value),c.test(n.protocol))&&n.host===r.host&&l.activeElement===s&&(d.top.location.href=t.value))}},d.addEventListener(\"message\",d.wp.receiveEmbedMessage,!1),l.addEventListener(\"DOMContentLoaded\",function(){for(var e,t,s=l.querySelectorAll(\"iframe.wp-embedded-content\"),r=0;r<s.length;r++)(t=(e=s[r]).getAttribute(\"data-secret\"))||(t=Math.random().toString(36).substring(2,12),e.src+=\"#?secret=\"+t,e.setAttribute(\"data-secret\",t)),e.contentWindow.postMessage({message:\"ready\",secret:t},\"*\")},!1)))}(window,document);\n\/\/# sourceURL=https:\/\/el-perico.com\/wp-includes\/js\/wp-embed.min.js\n<\/script>\n","thumbnail_url":null,"thumbnail_width":null,"thumbnail_height":null,"description":"Sara Madeira vot\u00f3 por primera vez en las elecciones presidenciales del pasado mes de noviembre. El temor a la ret\u00f3rica antimigrante del entonces candidato Donald Trump fue el principal motivo para participar en los comicios. Este a\u00f1o, 2017, la joven de 23 a\u00f1os vot\u00f3 por segunda vez en las elecciones primarias para elegir el candidato [&hellip;]"}

Sara Madeira votó por primera vez en las elecciones presidenciales del pasado mes de noviembre. El temor a la retórica antimigrante del entonces candidato Donald Trump fue el principal motivo para participar en los comicios. Este año, 2017, la joven de 23 años votó por segunda vez en las elecciones primarias para elegir el candidato [&hellip;]
